 factor of 208880?
True
Does 148 divide 554978?
False
Is 61919 a multiple of 12?
False
Is 42 a factor of 836275?
False
Is 4 a factor of 9806?
False
Is 816 a factor of 7450219?
False
Is 104 a factor of 3237832?
True
Does 119 divide 679966?
True
Is 20 a factor of 1765307?
False
Is 27 a factor of 382024?
False
Is 5140592 a multiple of 458?
True
Does 34 divide 590551?
False
Is 14 a factor of 92183?
False
Is 3087105 a multiple of 5?
True
Is 1072626 a multiple of 194?
True
Is 153 a factor of 1725722?
False
Is 3 a factor of 23826?
True
Is 76 a factor of 66044?
True
Is 3263175 a multiple of 11?
False
Does 349 divide 284811?
False
Is 230268 a multiple of 62?
True
Is 6117 a multiple of 8?
False
Is 127 a factor of 35919?
False
Does 43 divide 132827?
True
Does 68 divide 306120?
False
Is 142 a factor of 249352?
True
Is 4229361 a multiple of 55?
False
Is 40 a factor of 520320?
True
Is 189648 a multiple of 73?
False
Is 14101 a multiple of 7?
False
Is 27 a factor of 135898?
False
Is 452 a factor of 16444803?
False
Is 64 a factor of 153243?
False
Is 198 a factor of 169663?
False
Does 160 divide 107435?
False
Is 1580 a multiple of 28?
False
Does 5 divide 386922?
False
Is 271882 a multiple of 372?
False
Is 9651663 a multiple of 21?
True
Does 33 divide 12969?
True
Is 28 a factor of 277210?
False
Does 13 divide 20068260?
False
Does 138 divide 1030170?
True
Is 54584 even?
True
Is 73001 a multiple of 21?
False
Is 372 a factor of 634391?
False
Is 92440 a multiple of 15?
False
Does 79 divide 554374?
False
Does 209 divide 93731?
False
Is 149565 a multiple of 13?
True
Does 25 divide 1032039?
False
Is 12 a factor of 238347?
False
Does 181 divide 3886613?
True
Is 3104138 a multiple of 45?
False
Is 9 a factor of 9164695?
False
Is 109 a factor of 530769?
False
Does 74 divide 32210875?
False
Does 14 divide 37934?
False
Is 65 a factor of 24440?
True
Is 315841 a multiple of 97?
False
Is 18 a factor of 14580?
True
Is 330 a factor of 2669040?
True
Is 18042192 a multiple of 784?
True
Is 1150713 a multiple of 27?
True
Does 1139 divide 3116532?
False
Is 5 a factor of 142100?
True
Is 2677873 a multiple of 1008?
False
Is 4415400 a multiple of 60?
True
Is 15 a factor of 330255?
True
Does 46 divide 153947?
False
Does 18 divide 14570232?
False
Is 585861 a multiple of 13?
False
Is 19481 a multiple of 9?
False
Does 87 divide 114144?
True
Does 134 divide 4148104?
True
Does 236 divide 2797663?
False
Does 147 divide 869064?
True
Is 1510 a multiple of 150?
False
Does 117 divide 26834?
False
Is 615024 a multiple of 5?
False
Does 213 divide 5868994?
False
Is 54984 a multiple of 174?
True
Does 210 divide 223020?
True
Does 12 divide 1484256?
True
Is 28 a factor of 1890000?
True
Does 98 divide 118678?
True
Is 49 a factor of 165326?
True
Is 10 a factor of 562660?
True
Is 17 a factor of 5094229?
False
Does 1047 divide 8494365?
False
Is 10620900 a multiple of 45?
True
Is 2166321 a multiple of 321?
False
Is 11 a factor of 791901?
True
Is 51 a factor of 2876349?
True
Is 166 a factor of 112880?
True
Is 7 a factor of 1537517?
False
Does 13 divide 185241?
False
Does 10 divide 184840?
True
Is 810379 a multiple of 18?
False
Is 54 a factor of 1505952?
True
Does 98 divide 101038?
True
Is 8 a factor of 26211?
False
Is 45 a factor of 75150?
True
Does 7 divide 2375848?
False
Is 1746325 a multiple of 119?
True
Is 26277885 a multiple of 915?
True
Is 1976714 a multiple of 15?
False
Is 48441 a multiple of 201?
True
Is 1453 a factor of 15112724?
False
Is 10 a factor of 2554?
False
Does 14 divide 17215341?
False
Is 774 a factor of 932670?
True
Is 136390 a multiple of 10?
True
Is 7483102 a multiple of 74?
True
Does 42 divide 61404?
True
Is 8288 a multiple of 28?
True
Is 242820 a multiple of 9?
True
Is 41409 a multiple of 321?
True
Is 609 a factor of 5927398?
False
Is 174947 a multiple of 141?
False
Does 53 divide 4293053?
True
Does 81 divide 299376?
True
Is 178 a factor of 185750?
False
Does 35 divide 140840?
True
Is 3747837 a multiple of 12?
False
Is 1179255 a multiple of 33?
True
Is 351696 a multiple of 17?
True
Is 8 a factor of 81233?
False
Is 81 a factor of 2924345?
False
Does 68 divide 7482652?
True
Is 92 a factor of 2075704?
True
Is 1795917 a multiple of 636?
False
Is 25 a factor of 73250?
True
Is 6 a factor of 42086?
False
Is 42113 a multiple of 11?
False
Does 81 divide 951263?
False
Does 46 divide 13386?
True
Does 52 divide 4578?
False
Does 6 divide 679212?
True
Does 37 divide 36075?
True
Is 121756 a multiple of 499?
True
Does 551 divide 11028390?
False
Is 19 a factor of 141547?
False
Is 2084094 a multiple of 79?
False
Is 13 a factor of 450918?
True
Does 392 divide 21991?
False
Is 13 a factor of 4576721?
False
Is 11 a factor of 221067?
True
Is 24 a factor of 465288?
True
Is 1456284 a multiple of 12?
True
Is 65 a factor of 165724?
False
Is 1550278 a multiple of 8?
False
Does 82 divide 12153056?
True
Does 21 divide 4251333?
False
Is 5 a factor of 15586?
False
Is 12 a factor of 26604?
True
Is 645993 a multiple of 3?
True
Is 70183 a multiple of 88?
False
Does 13 divide 387080?
False
Is 362 a factor of 705983?
False
Is 1224604 a multiple of 550?
False
Is 15782676 a multiple of 823?
False
Is 3 a factor of 1081667?
False
Does 154 divide 2302040?
False
Is 17755 a multiple of 530?
False
Is 25 a factor of 10872353?
False
Is 909954 a multiple of 289?
False
Does 6 divide 79865?
False
Is 119 a factor of 405390?
False
Does 538 divide 490656?
True
Is 41393 a multiple of 48?
False
Is 341 a factor of 39408?
False
Does 226 divide 175692?
False
Is 52 a factor of 7228?
True
Does 32 divide 454880?
True
Is 44 a factor of 743422?
False
Does 41 divide 132512?
True
Is 51 a factor of 1758837?
True
Is 52 a factor of 1437967?
False
Does 139 divide 654713?
False
Is 1727337 a multiple of 102?
False
Does 515 divide 2756243?
False
Does 24 divide 3897122?
False
Does 32 divide 4082354?
False
Is 9 a factor of 6810580?
False
Is 114020 a multiple of 8?
False
Does 137 divide 678627?
False
Is 634967 a multiple of 217?
False
Does 102 divide 201654?
True
Is 2 a factor of 213743?
False
Does 295 divide 500660?
False
Is 285 a factor of 3268380?
True
Is 338 a factor of 129454?
True
Does 5 divide 3606111?
False
Is 9 a factor of 5177227?
False
Is 31730 a multiple of 190?
True
Is 472230 a multiple of 11?
True
Is 182068 a multiple of 4?
True
Is 378 a factor of 3382745?
False
Is 401 a factor of 4749302?
False
Is 909 a factor of 116352?
True
Is 37 a factor of 241573?
True
Is 17 a factor of 144450?
False
Is 2 a factor of 75018?
True
Is 17 a factor of 8634385?
True
Is 33066 a multiple of 66?
True
Does 10 divide 270849?
False
Does 8 divide 84304?
True
Does 76 divide 5844693?
False
Does 64 divide 209894?
False
Is 597266 a multiple of 11?
False
Is 528030 a multiple of 9?
True
Does 172 divide 280016?
True
Does 63 divide 235116?
True
Is 61 a factor of 725288?
False
Is 18442 even?
True
Does 643 divide 1604928?
True
Does 140 divide 19736833?
False
Is 1304924 a multiple of 13?
False
Does 260 divide 175002?
False
Is 75 a factor of 545850?
True
Is 431402 a multiple of 41?
True
Is 124 a factor of 12023297?
False
Does 2 divide 310092?
True
Is 1027908 a multiple of 9?
True
Is 21914 a multiple of 33?
False
Is 101 a factor of 226646?
False
Is 865 a factor of 9693190?
True
Is 31 a factor of 180783?
False
Is 2961254 a multiple of 364?
False
Is 158608 a multiple of 46?
True
Is 31 a factor of 5734838?
False
Does 146 divide 123516?
True
Is 16 a factor of 768736?
True
Is 105 a factor of 187530?
True
Is 111 a factor of 90243?
True
Is 265 a factor of 8939775?
True
Is 2913192 a multiple of 27?
True
Is 34 a factor of 4608326?
True
Does 40 divide 125630?
False
Is 438108 even?
True
Is 369389 a multiple of 4?
False
Is 1937755 a multiple of 20?
False
Is 41 a factor of 59971?
False
Is 1213 a factor of 7580037?
True
Is 5070454 a multiple of 323?
True
Is 545688 a multiple of 396?
True
Is 32 a factor of 411956?
False
Is 49 a factor of 459701?
False
Does 193 divide 6948?
True
Is 367476 a multiple of 452?
True
Does 234 divide 416520?
True
Is 5 a factor of 755?
True
Does 172 divide 2095933?
False
Does 64 divide 244188?
False
Is 245 a factor of 718953?
False
Is 60711 a multiple of 4?
False
Does 228 divide 5566756?
False
Does 4 divide 42968?
True
Is 13 a factor of 91520?
True
Does 106 divide 714